z(q).
3
Suppose -4*x = -9 - 3. Let k(v) = -2*v**2 + v**2 + 37*v - 34*v + 2. Determine k(x).
2
Let z(u) = u**3 + 16*u**2 - 18*u - 19. Let r be z(-17). Let q(g) = 18*g - 2 - 21*g - g**2 - 4*g**2. Give q(r).
-16
Let u(x) = -4*x**3 - x. Let i = 5 - 2. Suppose 3*d + 2*d = 4*z - 14, -4*z + i*d = -10. Determine u(z).
-5
Suppose 5*p = -3*w + 24, -2*w = -p + 3*w - 12. Suppose 5*s - 20 = -9*t + 4*t, p*t - 24 = 3*s. Let v(y) = -y**2 + 7*y - 9. What is v(t)?
-3
Let x(n) = -2*n**3 - 15*n**2 + 13*n - 19. Let q(b) = b**3 + 7*b**2 - 6*b + 9. Let p(v) = -13*q(v) - 6*x(v). What is p(0)?
-3
Let h(a) = -4*a**3 + a**2 + a - 8. Let n(t) = -t**3 - 1. Let l(p) = -h(p) + 3*n(p). Suppose 0 = -5*g - 0*g. Determine l(g).
5
Let g(l) = 0 - 6*l + l - 5 + 18*l**2. Let p(h) = -63*h**2 + 18*h + 18. Suppose 4*x + 90 = -x. Let o(q) = x*g(q) - 5*p(q). Calculate o(1).
-9
Let m(o) = -1 - 19*o**2 + 20*o**2 + 5*o - 2 + 2. Let x be (-64)/12 - (-1)/3. What is m(x)?
-1
Suppose -3*p - 1 = -10. Let k(q) = 1 - p - q + 1. Let x be (0 - (0 - -2)) + 4. Give k(x).
-3
Let a(w) = -w**3 + 4*w**2 + 4. Let l be a(4). Let j be (-2)/l - 18/4. Let o(b) = -40 + b**2 + 3*b - 38 + 79. Give o(j).
11
Let u be (-4 - -1) + (7 - -10). Suppose 2 = 3*k + u. Let d(x) = -x - 4. Calculate d(k).
0
Let b(l) be the second derivative of l**4/12 + l**3/2 + 3*l**2 + 21*l. What is b(-4)?
10
Let m(q) = 6*q. Suppose -3*w + 12 = 6. Suppose -i = i + w. Give m(i).
-6
Let z(y) = -y - 2. Let h = -27 - -34. What is z(h)?
-9
Let m = -17 - -12. Suppose -3*s + 2*b = 28, 4*s + 26 = -b - 2*b. Let r = m - s. Let w(i) = i**3 - 2*i**2 - 3*i - 3. Calculate w(r).
-3
Let a(u) = -2*u + 2 - 1 + 7. Give a(6).
-4
Let a(s) be the first derivative of s**2 + 1. Let k(z) = z**2 + 32*z + 86. Let o be k(-29). Determine a(o).
-2
Let a be 6 + -12 - (-4)/2. Let u be 2 + 3 + a - -1. Let h(w) = -u + w + 3*w**3 - w**3 - 9 - w**3. What is h(0)?
-11
Let h(i) = 6*i - 11. Let m(y) = 4*y - 7. Let u(d) = 5*h(d) - 8*m(d). Give u(4).
-7
Let y(s) = -s**3 - 6*s**2 - s - 7. Suppose -2*t + 23 = w, -3*t = -2*w - w - 21. Let f be 1 - 6 - (t + -9). Determine y(f).
-1
Suppose 5 = z + 1. Suppose 0 = -3*v + 6, 0 = 3*b - b - z*v - 2. Let t(g) = g - 3. Give t(b).
2
Let w(o) = -o**3 - 7*o**2 - 4*o + 1. Let t(r) = 3*r**3 + 15*r**2 + 7*r - 2. Let v(z) = 2*t(z) + 5*w(z). What is v(6)?
1
Let s(w) = 9*w**2 - 9*w + 11. Let c(a) = -5*a**2 + 4*a - 5. Let y(u) = 7*c(u) + 4*s(u). Let g = -4 + 10. Determine y(g).
-3
Let r(g) be the second derivative of 4*g**3/3 + 9*g. Determine r(1).
8
Let h(c) = c**3 - 2*c**2 + c. Let n(t) = t**3 - 5*t**2 + 4*t + 2. Let p be n(4). Determine h(p).
2
Let m(g) = -3*g**2 + 3*g + 1. Let h(b) = -b + 7*b**2 - 1 - b - 3*b**2. Let u(i) = 2*h(i) + 3*m(i). Suppose -4*x - 13 + 1 = 0, 5*x + 35 = 5*p. What is u(p)?
5
Let t(c) = 6 - 14 + 5*c - c + 0*c. What is t(6)?
16
Let s(p) be the first derivative of p**2/2 + p - 2. Let d = 15 - 10. Suppose 0 = -d*b + 1 - 26. Give s(b).
-4
Suppose 18 = -3*a - 0*a - 5*r, -12 = 4*r. Let y be 4/(-12) + 7/3. Let q(l) = 3 - y - l - 2. What is q(a)?
0
Let r(l) = l**2 + 2*l. Let n(i) = -i - 8. Let b be ((-4)/(-5))/((-2)/15). Let d be n(b). Give r(d).
0
Let s(c) = -9*c**2 + 1. Let q(b) = -b**3 + 6*b**2 + 8*b - 8. Let i be q(7). Calculate s(i).
-8
Let s = 9 - 6. Let h(n) = 4*n - 1 + n**2 - 2*n - s*n + 5*n. Give h(-5).
4
Let x(b) = b**3 - b**2 + 2*b. Let w(d) = -3*d**3 - d. Let f be w(-1). Suppose n = 2*n - 4*j + 18, 0 = -3*n - f*j + 26. Calculate x(n).
8
Let j(t) = -t - t + 0*t. Let n(z) = 6*z**2 - 28*z - 4. Let y be n(5). Give j(y).
-12
Let k = -17 - -12. Let b(q) = 5*q**3 - 10*q**2 + 3*q + 3. Let w(v) = 4*v**3 - 9*v**2 + 2*v + 2. Let g(i) = k*b(i) + 6*w(i). Calculate g(-2).
-5
Let y(g) = g**3 - 4*g**2 - 2*g + 4. Suppose 0 = -w + 1 + 3. Suppose -15 = 2*t - 7*t + a, 40 = 5*t + w*a. Determine y(t).
-4
Let b(v) = 13*v + 20. Let y(c) = -3*c - 5. Let n(o) = -2*b(o) - 9*y(o). Calculate n(0).
5
Let h(u) = 3*u**3 + 6*u**2 + 5*u - 9. Let y(c) = -c**3 - c + 1. Let o be (-2)/(-8) + (-14)/(-8). Let b(g) = o*y(g) + h(g). Let n = 0 - 5. Calculate b(n).
3
Let p(j) = j + 3. Let r(o) = o + 4. Let n(k) = -4*p(k) + 3*r(k). Suppose 3*w - 8 = -4*x, 2*x - 5*w - 4 = -0*x. Calculate n(x).
-2
Let k(r) be the third derivative of 0*r + 1/24*r**4 + 0 + 1/10*r**5 + 1/3*r**3 + 1/120*r**6 + 7*r**2. Determine k(-6).
-4
Let m(k) = -k**3 + 8*k**2 - 6*k - 5. Let p be 2/12 + 82/12. Give m(p).
2
Let k(v) = -4*v + 22. Let f be k(5). Let c(j) = j**2 - j. What is c(f)?
2
Let m(o) = -4*o**3 + 5*o**2 + 6*o + 6. Let k(q) = 4*q**3 - 4*q**2 - 5*q - 5. Let f = -1 + -4. Let t(h) = f*k(h) - 4*m(h). Determine t(-1).
4
Let k(y) = y**2 + 10*y + 8. Let t = 1 - 8. Calculate k(t).
-13
Let r(y) = -9*y**3 + y**2 - 7*y - 6. Let x(l) = -5*l**3 + l**2 - 4*l - 3. Let m(h) = 6*r(h) - 11*x(h). Give m(4).
-11
Let p(k) = -k + 0*k**2 - 13*k**2 + 5*k**2 + 4*k**2 + k**3. Suppose 4*i = -0*i + 8. Give p(i).
-10
Let i = -7 - -14. Let u(v) = -2*v**3 + v**3 + 3 - 3 + 7*v**2 - 2 + v. Let r be u(i). Let d(t) = -t**2 + 5*t + 2. Give d(r).
2
Let v be (-2)/((2 - 1) + (-3)/5). Let i(q) = q**2 + 3*q - 1. Give i(v).
9
Let z be ((-6)/(-5))/((-12)/40). Let p(d) = d**2 + 5*d - 1. Calculate p(z).
-5
Let w(r) = 3*r**3 + 5*r**2 + 7. Let l(g) = -16*g**3 - 25*g**2 - 36. Let f(t) = 2*l(t) + 11*w(t). Let u(k) = k**3 - k**2 - k - 5. Let a be u(0). What is f(a)?
5
Let t(h) = -5*h**2 + 4*h + 6. Let o(u) = -11*u**2 + 9*u + 13. Let x be (-2)/(2/8*-2). Let n = -112 + 103. Let j(k) = n*t(k) + x*o(k). Give j(-2).
2
Suppose -5*w + w - 8 = -2*s, -5*s = -5*w - 15. Let u(g) = -s - g**3 - 3*g**2 - g**2 - 2*g + 2*g**3 - 2*g. What is u(5)?
3
Let x(b) = b**3 + 2*b**2 - 3*b. Suppose -2*t - i - 6 = i, 4*t - 4*i + 12 = 0. Let d(v) = -v**3 - v**2 + 4*v. Let m(p) = t*x(p) - 2*d(p). Give m(-4).
-4
Suppose -5*v + 6*v = 10. Suppose -j - 2*n = -5, -j = -3*n + v + 10. Let y(f) be the first derivative of f**3/3 + 5*f**2/2 - 6*f - 2. Determine y(j).
-6
Let g(h) be the first derivative of h**3/6 + 2*h - 2. Let q(x) be the first derivative of g(x). Suppose 7*z = -23 + 2. Give q(z).
-3
Let s(u) = u**2 + 6*u - 13. Let k be s(-8). Let l(f) = -f**2 - f. Determine l(k).
-12
Suppose 13 = 5*b + 3. Let v(d) = d**2 + 3*d - 2. Calculate v(b).
8
Let h(o) = o**2 - 1. Suppose 0 = -z - 4 + 6. Let i be h(z). Let b(u) = 6*u + 4. Let r(y) = 3*y + 2. Let s(n) = 6*b(n) - 11*r(n). What is s(i)?
11
Let u(k) be the third derivative of k**4/6 + k**3/6 - 3*k**2 - 2*k. What is u(1)?
5
Let j(c) = 2*c**2 + 3. Let d(f) = 3*f**2 - f + 4. Let h(m) = 3*d(m) - 4*j(m). Calculate h(4).
4
Let n(w) be the third derivative of -w**4/24 + w**3/2 - 2*w**2. Let z be ((-27)/(-6))/(-3)*2. Determine n(z).
6
Suppose 7*c - 28 = -7. Let h(v) be the third derivative of 0 + 0*v + 5/6*v**3 - 1/24*v**4 + c*v**2. Calculate h(-4).
9
Let f be 6/(-4) + (-30)/(-4). Let m(l) = l**3 - 6*l**2 - 2*l + 6. Calculate m(f).
-6
Let t = 8 - 5. Let v(k) = 2*k - 4. Let i be v(t). Let y(s) = -s + 2*s**i + 3*s**3 + 0 + 1 - 4*s**3. Calculate y(2).
-1
Let b(s) = -s + 3. Suppose 11*f - 7 - 37 = 0. Determine b(f).
-1
Let r(f) be the second derivative of -f**4/6 - f**3/6 + f**2/2 + 6*f. Calculate r(-2).
-5
Let j(a) = -a**3 + 4*a - 1. Suppose -4*r + 32 = -5*s, s = 5*r - 4*s - 35. Calculate j(r).
-16
Let n be 35/(-7) + (-1 - -6). Let d(g) = -6*g + 14. Let h(y) = -5*y + 13. Let m(o) = 4*d(o) - 5*h(o). What is m(n)?
-9
Let t(l) be the second derivative of l**7/840 + l**6/72 - l**5/24 + l**4/24 + 2*l**3/3 - 4*l. Let j(k) be the second derivative of t(k). Calculate j(-6).
-5
Let i(t) = t**2 - 12*t + 13. Let p(m) = 2*m - 10*m + m**2 - 9*m + 4*m + 14. Let r(b) = -6*i(b) + 5*p(b). Let u = -6 - -12. Give r(u).
-2
Let o(n) be the second derivative of n + 3*n**2 - 1/3*n**3 + 0. What is o(4)?
-2
Let m(p) = p**3 - 7*p**2 + 7*p - 8. Let o(q) = -q**2 - 3*q + 4. Let y be o(-2). Calculate m(y).
-2
Let x be 36/54 - (2 + (-22)/3). Let c(t) = -t**3 + 7*t**2 - 7*t - 3. Give c(x).
-9
Let a = -1 - -7. Let x(h) = -7 + 7 - 2*h - a*h. Suppose -2*w + 3 = 1. What is x(w)?
-8
Let j(a) be the first derivative of a**3/3 + 3*a**2 - 3*a + 56. Determine j(-5).
-8
Let o(v) = -v + 11. Let s be (0/(0 + -2))/(48 - 46). What is o(s)?
11
Let m(i) = -i**2 - 4*i - 4. Let g = 23 - 26. Give m(g).
-1
Let r(i) be the first derivative of i**2/2 - 25. Give r(-1).
-1
Let c